hat are the prime factors of 3730901?
3730901
List the prime factors of 241404.
2, 3, 20117
What are the prime factors of 10780239?
3, 19, 189127
What are the prime factors of 11106958?
2, 229, 24251
List the prime factors of 1352632.
2, 169079
What are the prime factors of 764503?
19, 40237
What are the prime factors of 62751?
3, 13, 1609
List the prime factors of 3361714.
2, 103, 16319
List the prime factors of 78416.
2, 13, 29
What are the prime factors of 2372701?
19, 47, 2657
What are the prime factors of 1568421?
3, 229, 761
List the prime factors of 19806838.
2, 337, 29387
List the prime factors of 22738227.
3, 1361, 5569
List the prime factors of 229614.
2, 3, 7, 11, 71
List the prime factors of 2996211.
3, 998737
What are the prime factors of 375680?
2, 5, 587
What are the prime factors of 9069185?
5, 59, 71, 433
List the prime factors of 4900395.
3, 5, 326693
List the prime factors of 4537230.
2, 3, 5, 151241
What are the prime factors of 2897?
2897
What are the prime factors of 9711300?
2, 3, 5, 32371
List the prime factors of 18019264.
2, 281551
What are the prime factors of 222282?
2, 3, 53, 233
What are the prime factors of 242581?
23, 53, 199
List the prime factors of 1235420.
2, 5, 223, 277
List the prime factors of 2500766.
2, 821, 1523
List the prime factors of 3761881.
31, 121351
List the prime factors of 599126.
2, 11, 113, 241
What are the prime factors of 2265611?
2265611
What are the prime factors of 20637702?
2, 3, 1146539
List the prime factors of 316411.
23, 13757
List the prime factors of 74864.
2, 4679
List the prime factors of 339679.
339679
What are the prime factors of 47439?
3, 7, 251
List the prime factors of 220176.
2, 3, 11, 139
List the prime factors of 3712588.
2, 11, 84377
What are the prime factors of 198232?
2, 71, 349
What are the prime factors of 7812174?
2, 3, 1302029
List the prime factors of 110845.
5, 7, 3167
What are the prime factors of 16636?
2, 4159
What are the prime factors of 975745?
5, 19, 10271
List the prime factors of 6449497.
191, 33767
What are the prime factors of 16321849?
1621, 10069
List the prime factors of 11257789.
953, 11813
List the prime factors of 173490.
2, 3, 5, 5783
List the prime factors of 169414.
2, 7, 12101
List the prime factors of 131411.
7, 18773
List the prime factors of 155222.
2, 77611
What are the prime factors of 1061285?
5, 31, 41, 167
What are the prime factors of 686571?
3, 131, 1747
What are the prime factors of 899840?
2, 5, 19, 37
List the prime factors of 2592864.
2, 3, 3001
List the prime factors of 3006082.
2, 29, 51829
What are the prime factors of 14453384?
2, 11, 23, 37, 193
List the prime factors of 233010.
2, 3, 5, 863
What are the prime factors of 8253983?
1801, 4583
List the prime factors of 71403.
3, 23801
What are the prime factors of 15223250?
2, 5, 7, 8699
What are the prime factors of 3220001?
31, 241, 431
What are the prime factors of 2141559?
3, 7, 1259
What are the prime factors of 91510?
2, 5, 9151
List the prime factors of 2985701.
2985701
What are the prime factors of 1630791?
3, 181199
List the prime factors of 1841283.
3, 204587
What are the prime factors of 392342?
2, 196171
List the prime factors of 37142018.
2, 281, 66089
List the prime factors of 915915.
3, 5, 7, 11, 13, 61
What are the prime factors of 48529?
13, 3733
List the prime factors of 2875369.
7, 83, 101
List the prime factors of 1207696.
2, 7, 41, 263
List the prime factors of 18007240.
2, 5, 547, 823
List the prime factors of 1081523.
17, 113, 563
List the prime factors of 779662.
2, 13, 157, 191
What are the prime factors of 568489?
431, 1319
List the prime factors of 973532.
2, 7, 4967
List the prime factors of 3114567.
3, 401, 863
What are the prime factors of 20137909?
11, 166429
What are the prime factors of 273241?
17, 16073
List the prime factors of 500070.
2, 3, 5, 79, 211
What are the prime factors of 41661932?
2, 13, 613, 1307
List the prime factors of 1381288.
2, 23, 7507
List the prime factors of 564540.
2, 3, 5, 97
What are the prime factors of 3584890?
2, 5, 211, 1699
What are the prime factors of 421052?
2, 105263
List the prime factors of 941672.
2, 117709
What are the prime factors of 174665?
5, 181, 193
List the prime factors of 1745082.
2, 3, 67, 1447
List the prime factors of 562375.
5, 11, 409
List the prime factors of 8899498.
2, 4449749
List the prime factors of 6351052.
2, 113, 14051
What are the prime factors of 97531?
7, 13933
What are the prime factors of 9772000?
2, 5, 7, 349
What are the prime factors of 123450?
2, 3, 5, 823
What are the prime factors of 31410281?
7, 4487183
What are the prime factors of 3052618?
2, 1091, 1399
What are the prime factors of 888573?
3, 7, 17, 19, 131
List the prime factors of 2201666.
2, 1100833
List the prime factors of 3757933.
3757933
What are the prime factors of 4197719?
73, 57503
What are the prime factors of 5895649?
431, 13679
List the prime factors of 116375.
5, 7, 19
List the prime factors of 22979.
11, 2089
What are the prime factors of 9872050?
2, 5, 197441
List the prime factors of 832551.
3, 97, 2861
List the prime factors of 2116523.
2116523
What are the prime factors of 80331?
3, 26777
List the prime factors of 3505198.
2, 1752599
List the prime factors of 3852803.
683, 5641
List the prime factors of 2845679.
113, 25183
List the prime factors of 648592.
2, 7, 5791
What are the prime factors of 4692023?
7, 23, 151, 193
List the prime factors of 8780487.
3, 83, 179, 197
What are the prime factors of 1785674?
2, 11, 23, 3529
What are the prime factors of 218022?
2, 3, 7, 29, 179
List the prime factors of 147902.
2, 73951
What are the prime factors of 577149?
3, 192383
List the prime factors of 188455.
5, 37691
List the prime factors of 368816.
2, 7, 37, 89
List the prime factors of 307199.
97, 3167
List the prime factors of 732968.
2, 91621
List the prime factors of 920879.
173, 5323
List the prime factors of 3109.
3109
List the prime factors of 11906387.
23, 31, 16699
List the prime factors of 721523.
11, 67, 89
List the prime factors of 14418359.
19, 227, 3343
What are the prime factors of 1617202?
2, 808601
What are the prime factors of 1396179?
3, 53, 2927
List the prime factors of 1935111.
3, 645037
List the prime factors of 3089948.
2, 59, 13093
List the prime factors of 114955.
5, 83, 277
What are the prime factors of 281115?
3, 5, 6247
List the prime factors of 1059027.
3, 223, 1583
What are the prime factors of 263292?
2, 3, 37, 593
What are the prime factors of 1642230?
2, 3, 5, 71, 257
List the prime factors of 10940502.
2, 3, 23, 79279
What are the prime factors of 692404?
2, 29, 47, 127
What are the prime factors of 9606732?
2, 3, 23, 34807
What are the prime factors of 210905?
5, 42181
What are the prime factors of 12094438?
2, 43, 67, 2099
What are the prime factors of 278760?
2, 3, 5, 23, 101
List the prime factors of 493849.
479, 1031
What are the prime factors of 55113?
3, 18371
What are the prime factors of 2617939?
683, 3833
List the prime factors of 14232.
2, 3, 593
List the prime factors of 18275.
5, 17, 43
List the prime factors of 1609981.
37, 53, 821
List the prime factors of 1194021.
3, 14741
List the prime factors of 656890.
2, 5, 13, 31, 163
What are the prime factors of 313483?
131, 2393
List the prime factors of 18175509.
3, 11, 20399
What are the prime factors of 503549?
503549
List the prime factors of 2020166.
2, 1010083
List the prime factors of 43695461.
31, 1409531
List the prime factors of 62810.
2, 5, 11, 571
List the prime factors of 228069.
3, 8447
List the prime factors of 5291450.
2, 5, 105829
What are the prime factors of 8164529?
8164529
List the prime factors of 408516.
2, 3, 59, 577
List the prime factors of 6617293.
6617293
What are the prime factors of 107285?
5, 43, 499
What are the prime factors of 1166162?
2, 131, 4451
List the prime factors of 21539333.
21539333
What are the prime factors of 188504?
2, 23563
What are the prime factors of 39778?
2, 19889
What are the prime factors of 2580138?
2, 3, 11, 83, 157
What are the prime factors of 2724503?
2724503
What are the prime factors of 247753?
11, 101, 223
List the prime factors of 258479.
13, 59, 337
List the prime factors of 16594.
2, 8297
What are the prime factors of 3154885?
5, 71, 8